{"id":18,"date":"2023-08-14T22:37:10","date_gmt":"2023-08-14T22:37:10","guid":{"rendered":"https:\/\/www.litograficaargo.com.mx\/cms\/?page_id=18"},"modified":"2024-01-22T00:33:58","modified_gmt":"2024-01-22T00:33:58","slug":"contacto","status":"publish","type":"page","link":"https:\/\/www.litograficaargo.com.mx\/cms\/contacto\/","title":{"rendered":"Contacto"},"content":{"rendered":"\t\t<div data-elementor-type=\"wp-page\" data-elementor-id=\"18\" class=\"elementor elementor-18\" data-elementor-post-type=\"page\">\n\t\t\t\t\t\t<section class=\"elementor-section elementor-top-section elementor-element elementor-element-972cc21 elementor-section-full_width elementor-section-height-default elementor-section-height-default\" data-id=\"972cc21\" data-element_type=\"section\" data-settings=\"{&quot;background_background&quot;:&quot;classic&quot;}\">\n\t\t\t\t\t\t<div class=\"elementor-container elementor-column-gap-no\">\n\t\t\t\t\t<div class=\"elementor-column elementor-col-100 elementor-top-column elementor-element elementor-element-47e6469f\" data-id=\"47e6469f\" data-element_type=\"column\">\n\t\t\t<div class=\"elementor-widget-wrap elementor-element-populated\">\n\t\t\t\t\t\t<div class=\"elementor-element elementor-element-7d55c71a elementor-widget elementor-widget-google_maps\" data-id=\"7d55c71a\" data-element_type=\"widget\" data-widget_type=\"google_maps.default\">\n\t\t\t\t<div class=\"elementor-widget-container\">\n\t\t\t\t\t\t\t<div class=\"elementor-custom-embed\">\n\t\t\t<iframe loading=\"lazy\"\n\t\t\t\t\tsrc=\"https:\/\/maps.google.com\/maps?q=Bolivar%20%23838%20Col.%20Postal%20Delegaci%C3%B3n%20Benito%20Ju%C3%A1rez%20C.P.%2003410%2C%20M%C3%A9xico%20D.F.&#038;t=m&#038;z=15&#038;output=embed&#038;iwloc=near\"\n\t\t\t\t\ttitle=\"Bolivar #838 Col. Postal Delegaci\u00f3n Benito Ju\u00e1rez C.P. 03410, M\u00e9xico D.F.\"\n\t\t\t\t\taria-label=\"Bolivar #838 Col. Postal Delegaci\u00f3n Benito Ju\u00e1rez C.P. 03410, M\u00e9xico D.F.\"\n\t\t\t><\/iframe>\n\t\t<\/div>\n\t\t\t\t\t\t<\/div>\n\t\t\t\t<\/div>\n\t\t\t\t<section class=\"elementor-section elementor-inner-section elementor-element elementor-element-a483a46 elementor-section-content-middle elementor-section-boxed elementor-section-height-default elementor-section-height-default\" data-id=\"a483a46\" data-element_type=\"section\">\n\t\t\t\t\t\t<div class=\"elementor-container elementor-column-gap-no\">\n\t\t\t\t\t<div class=\"elementor-column elementor-col-33 elementor-inner-column elementor-element elementor-element-186ff3dd\" data-id=\"186ff3dd\" data-element_type=\"column\">\n\t\t\t<div class=\"elementor-widget-wrap elementor-element-populated\">\n\t\t\t\t\t\t<div class=\"elementor-element elementor-element-f938d4e elementor-widget elementor-widget-heading\" data-id=\"f938d4e\" data-element_type=\"widget\" data-widget_type=\"heading.default\">\n\t\t\t\t<div class=\"elementor-widget-container\">\n\t\t\t\t\t<h6 class=\"elementor-heading-title elementor-size-default\">Direcci\u00f3n<\/h6>\t\t\t\t<\/div>\n\t\t\t\t<\/div>\n\t\t\t\t<div class=\"elementor-element elementor-element-4657334e elementor-widget elementor-widget-text-editor\" data-id=\"4657334e\" data-element_type=\"widget\" data-widget_type=\"text-editor.default\">\n\t\t\t\t<div class=\"elementor-widget-container\">\n\t\t\t\t\t\t\t\t\t<p>Bolivar #838 Col. Postal<br \/>Alc. Benito Ju\u00e1rez<br \/>C.P. 03410, CD M\u00e9xico<\/p>\t\t\t\t\t\t\t\t<\/div>\n\t\t\t\t<\/div>\n\t\t\t\t\t<\/div>\n\t\t<\/div>\n\t\t\t\t<div class=\"elementor-column elementor-col-33 elementor-inner-column elementor-element elementor-element-2c1721a3\" data-id=\"2c1721a3\" data-element_type=\"column\">\n\t\t\t<div class=\"elementor-widget-wrap elementor-element-populated\">\n\t\t\t\t\t\t<div class=\"elementor-element elementor-element-50dd1bff elementor-widget elementor-widget-heading\" data-id=\"50dd1bff\" data-element_type=\"widget\" data-widget_type=\"heading.default\">\n\t\t\t\t<div class=\"elementor-widget-container\">\n\t\t\t\t\t<h6 class=\"elementor-heading-title elementor-size-default\">Horario<\/h6>\t\t\t\t<\/div>\n\t\t\t\t<\/div>\n\t\t\t\t<div class=\"elementor-element elementor-element-4140a363 elementor-widget elementor-widget-text-editor\" data-id=\"4140a363\" data-element_type=\"widget\" data-widget_type=\"text-editor.default\">\n\t\t\t\t<div class=\"elementor-widget-container\">\n\t\t\t\t\t\t\t\t\t<p>08:00 AM &#8211; 18.00 HRS<br \/>Lunes &#8211; Viernes<\/p><p>S\u00e1bado 09:00 AM &#8211; 13:00 HRS<\/p>\t\t\t\t\t\t\t\t<\/div>\n\t\t\t\t<\/div>\n\t\t\t\t\t<\/div>\n\t\t<\/div>\n\t\t\t\t<div class=\"elementor-column elementor-col-33 elementor-inner-column elementor-element elementor-element-50192d9d\" data-id=\"50192d9d\" data-element_type=\"column\">\n\t\t\t<div class=\"elementor-widget-wrap elementor-element-populated\">\n\t\t\t\t\t\t<div class=\"elementor-element elementor-element-5bed46eb elementor-widget elementor-widget-heading\" data-id=\"5bed46eb\" data-element_type=\"widget\" data-widget_type=\"heading.default\">\n\t\t\t\t<div class=\"elementor-widget-container\">\n\t\t\t\t\t<h6 class=\"elementor-heading-title elementor-size-default\">Contacto<\/h6>\t\t\t\t<\/div>\n\t\t\t\t<\/div>\n\t\t\t\t<div class=\"elementor-element elementor-element-20f5848 elementor-widget elementor-widget-text-editor\" data-id=\"20f5848\" data-element_type=\"widget\" data-widget_type=\"text-editor.default\">\n\t\t\t\t<div class=\"elementor-widget-container\">\n\t\t\t\t\t\t\t\t\t<p><strong>Tel<\/strong>: 1 800 755 60 20 \/ 55-5579-8686<br \/><strong>Email<\/strong>: clientes@litograficaargo.com.mx<br \/>manuel@litograficaargo.com.mx<\/p>\t\t\t\t\t\t\t\t<\/div>\n\t\t\t\t<\/div>\n\t\t\t\t\t<\/div>\n\t\t<\/div>\n\t\t\t\t\t<\/div>\n\t\t<\/section>\n\t\t\t\t<div class=\"elementor-element elementor-element-4f65e512 elementor-shape-rounded elementor-grid-0 e-grid-align-center elementor-widget elementor-widget-social-icons\" data-id=\"4f65e512\" data-element_type=\"widget\" data-widget_type=\"social-icons.default\">\n\t\t\t\t<div class=\"elementor-widget-container\">\n\t\t\t\t\t\t\t<div class=\"elementor-social-icons-wrapper elementor-grid\">\n\t\t\t\t\t\t\t<span class=\"elementor-grid-item\">\n\t\t\t\t\t<a class=\"elementor-icon elementor-social-icon elementor-social-icon-instagram elementor-animation-grow elementor-repeater-item-d9a9500\" href=\"https:\/\/www.instagram.com\/litograficaargomx\/\" target=\"_blank\">\n\t\t\t\t\t\t<span class=\"elementor-screen-only\">Instagram<\/span>\n\t\t\t\t\t\t<i class=\"fab fa-instagram\"><\/i>\t\t\t\t\t<\/a>\n\t\t\t\t<\/span>\n\t\t\t\t\t<\/div>\n\t\t\t\t\t\t<\/div>\n\t\t\t\t<\/div>\n\t\t\t\t\t<\/div>\n\t\t<\/div>\n\t\t\t\t\t<\/div>\n\t\t<\/section>\n\t\t\t\t<\/div>\n\t\t","protected":false},"excerpt":{"rendered":"<p>Direcci\u00f3n Bolivar #838 Col. PostalAlc. Benito Ju\u00e1rezC.P. 03410, CD M\u00e9xico Horario 08:00 AM &#8211; 18.00 HRSLunes &#8211; Viernes S\u00e1bado 09:00 AM &#8211; 13:00 HRS Contacto Tel: 1 800 755 60 20 \/ 55-5579-8686Email: clientes@litograficaargo.com.mxmanuel@litograficaargo.com.mx Instagram<\/p>\n","protected":false},"author":1,"featured_media":0,"parent":0,"menu_order":0,"comment_status":"closed","ping_status":"closed","template":"","meta":{"neve_meta_sidebar":"","neve_meta_container":"","neve_meta_enable_content_width":"on","neve_meta_content_width":100,"neve_meta_title_alignment":"","neve_meta_author_avatar":"","neve_post_elements_order":"","neve_meta_disable_header":"","neve_meta_disable_footer":"","neve_meta_disable_title":"on","footnotes":""},"class_list":["post-18","page","type-page","status-publish","hentry"],"yoast_head":"<!-- This site is optimized with the Yoast SEO plugin v26.7 - https:\/\/yoast.com\/wordpress\/plugins\/seo\/ -->\n<title>Contacto - Litografica ARGO<\/title>\n<meta name=\"robots\" content=\"index, follow, max-snippet:-1, max-image-preview:large, max-video-preview:-1\" \/>\n<link rel=\"canonical\" href=\"https:\/\/www.litograficaargo.com.mx\/cms\/contacto\/\" \/>\n<meta property=\"og:locale\" content=\"es_ES\" \/>\n<meta property=\"og:type\" content=\"article\" \/>\n<meta property=\"og:title\" content=\"Contacto - Litografica ARGO\" \/>\n<meta property=\"og:description\" content=\"Direcci\u00f3n Bolivar #838 Col. PostalAlc. Benito Ju\u00e1rezC.P. 03410, CD M\u00e9xico Horario 08:00 AM &#8211; 18.00 HRSLunes &#8211; Viernes S\u00e1bado 09:00 AM &#8211; 13:00 HRS Contacto Tel: 1 800 755 60 20 \/ 55-5579-8686Email: clientes@litograficaargo.com.mxmanuel@litograficaargo.com.mx Instagram\" \/>\n<meta property=\"og:url\" content=\"https:\/\/www.litograficaargo.com.mx\/cms\/contacto\/\" \/>\n<meta property=\"og:site_name\" content=\"Litografica ARGO\" \/>\n<meta property=\"article:modified_time\" content=\"2024-01-22T00:33:58+00:00\" \/>\n<meta name=\"twitter:card\" content=\"summary_large_image\" \/>\n<meta name=\"twitter:label1\" content=\"Tiempo de lectura\" \/>\n\t<meta name=\"twitter:data1\" content=\"1 minuto\" \/>\n<script type=\"application\/ld+json\" class=\"yoast-schema-graph\">{\"@context\":\"https:\/\/schema.org\",\"@graph\":[{\"@type\":\"WebPage\",\"@id\":\"https:\/\/www.litograficaargo.com.mx\/cms\/contacto\/\",\"url\":\"https:\/\/www.litograficaargo.com.mx\/cms\/contacto\/\",\"name\":\"Contacto - Litografica ARGO\",\"isPartOf\":{\"@id\":\"https:\/\/www.litograficaargo.com.mx\/cms\/#website\"},\"datePublished\":\"2023-08-14T22:37:10+00:00\",\"dateModified\":\"2024-01-22T00:33:58+00:00\",\"breadcrumb\":{\"@id\":\"https:\/\/www.litograficaargo.com.mx\/cms\/contacto\/#breadcrumb\"},\"inLanguage\":\"es\",\"potentialAction\":[{\"@type\":\"ReadAction\",\"target\":[\"https:\/\/www.litograficaargo.com.mx\/cms\/contacto\/\"]}]},{\"@type\":\"BreadcrumbList\",\"@id\":\"https:\/\/www.litograficaargo.com.mx\/cms\/contacto\/#breadcrumb\",\"itemListElement\":[{\"@type\":\"ListItem\",\"position\":1,\"name\":\"Portada\",\"item\":\"https:\/\/www.litograficaargo.com.mx\/cms\/\"},{\"@type\":\"ListItem\",\"position\":2,\"name\":\"Contacto\"}]},{\"@type\":\"WebSite\",\"@id\":\"https:\/\/www.litograficaargo.com.mx\/cms\/#website\",\"url\":\"https:\/\/www.litograficaargo.com.mx\/cms\/\",\"name\":\"Litografica ARGO\",\"description\":\"Excelencia Litogr\u00e1fica\",\"publisher\":{\"@id\":\"https:\/\/www.litograficaargo.com.mx\/cms\/#organization\"},\"potentialAction\":[{\"@type\":\"SearchAction\",\"target\":{\"@type\":\"EntryPoint\",\"urlTemplate\":\"https:\/\/www.litograficaargo.com.mx\/cms\/?s={search_term_string}\"},\"query-input\":{\"@type\":\"PropertyValueSpecification\",\"valueRequired\":true,\"valueName\":\"search_term_string\"}}],\"inLanguage\":\"es\"},{\"@type\":\"Organization\",\"@id\":\"https:\/\/www.litograficaargo.com.mx\/cms\/#organization\",\"name\":\"Litografica ARGO\",\"url\":\"https:\/\/www.litograficaargo.com.mx\/cms\/\",\"logo\":{\"@type\":\"ImageObject\",\"inLanguage\":\"es\",\"@id\":\"https:\/\/www.litograficaargo.com.mx\/cms\/#\/schema\/logo\/image\/\",\"url\":\"https:\/\/www.litograficaargo.com.mx\/cms\/wp-content\/uploads\/2023\/08\/Captura-de-Pantalla-2023-08-14-a-las-17.17.45.png\",\"contentUrl\":\"https:\/\/www.litograficaargo.com.mx\/cms\/wp-content\/uploads\/2023\/08\/Captura-de-Pantalla-2023-08-14-a-las-17.17.45.png\",\"width\":548,\"height\":184,\"caption\":\"Litografica ARGO\"},\"image\":{\"@id\":\"https:\/\/www.litograficaargo.com.mx\/cms\/#\/schema\/logo\/image\/\"}}]}<\/script>\n<!-- \/ Yoast SEO plugin. -->","yoast_head_json":{"title":"Contacto - Litografica ARGO","robots":{"index":"index","follow":"follow","max-snippet":"max-snippet:-1","max-image-preview":"max-image-preview:large","max-video-preview":"max-video-preview:-1"},"canonical":"https:\/\/www.litograficaargo.com.mx\/cms\/contacto\/","og_locale":"es_ES","og_type":"article","og_title":"Contacto - Litografica ARGO","og_description":"Direcci\u00f3n Bolivar #838 Col. PostalAlc. Benito Ju\u00e1rezC.P. 03410, CD M\u00e9xico Horario 08:00 AM &#8211; 18.00 HRSLunes &#8211; Viernes S\u00e1bado 09:00 AM &#8211; 13:00 HRS Contacto Tel: 1 800 755 60 20 \/ 55-5579-8686Email: clientes@litograficaargo.com.mxmanuel@litograficaargo.com.mx Instagram","og_url":"https:\/\/www.litograficaargo.com.mx\/cms\/contacto\/","og_site_name":"Litografica ARGO","article_modified_time":"2024-01-22T00:33:58+00:00","twitter_card":"summary_large_image","twitter_misc":{"Tiempo de lectura":"1 minuto"},"schema":{"@context":"https:\/\/schema.org","@graph":[{"@type":"WebPage","@id":"https:\/\/www.litograficaargo.com.mx\/cms\/contacto\/","url":"https:\/\/www.litograficaargo.com.mx\/cms\/contacto\/","name":"Contacto - Litografica ARGO","isPartOf":{"@id":"https:\/\/www.litograficaargo.com.mx\/cms\/#website"},"datePublished":"2023-08-14T22:37:10+00:00","dateModified":"2024-01-22T00:33:58+00:00","breadcrumb":{"@id":"https:\/\/www.litograficaargo.com.mx\/cms\/contacto\/#breadcrumb"},"inLanguage":"es","potentialAction":[{"@type":"ReadAction","target":["https:\/\/www.litograficaargo.com.mx\/cms\/contacto\/"]}]},{"@type":"BreadcrumbList","@id":"https:\/\/www.litograficaargo.com.mx\/cms\/contacto\/#breadcrumb","itemListElement":[{"@type":"ListItem","position":1,"name":"Portada","item":"https:\/\/www.litograficaargo.com.mx\/cms\/"},{"@type":"ListItem","position":2,"name":"Contacto"}]},{"@type":"WebSite","@id":"https:\/\/www.litograficaargo.com.mx\/cms\/#website","url":"https:\/\/www.litograficaargo.com.mx\/cms\/","name":"Litografica ARGO","description":"Excelencia Litogr\u00e1fica","publisher":{"@id":"https:\/\/www.litograficaargo.com.mx\/cms\/#organization"},"potentialAction":[{"@type":"SearchAction","target":{"@type":"EntryPoint","urlTemplate":"https:\/\/www.litograficaargo.com.mx\/cms\/?s={search_term_string}"},"query-input":{"@type":"PropertyValueSpecification","valueRequired":true,"valueName":"search_term_string"}}],"inLanguage":"es"},{"@type":"Organization","@id":"https:\/\/www.litograficaargo.com.mx\/cms\/#organization","name":"Litografica ARGO","url":"https:\/\/www.litograficaargo.com.mx\/cms\/","logo":{"@type":"ImageObject","inLanguage":"es","@id":"https:\/\/www.litograficaargo.com.mx\/cms\/#\/schema\/logo\/image\/","url":"https:\/\/www.litograficaargo.com.mx\/cms\/wp-content\/uploads\/2023\/08\/Captura-de-Pantalla-2023-08-14-a-las-17.17.45.png","contentUrl":"https:\/\/www.litograficaargo.com.mx\/cms\/wp-content\/uploads\/2023\/08\/Captura-de-Pantalla-2023-08-14-a-las-17.17.45.png","width":548,"height":184,"caption":"Litografica ARGO"},"image":{"@id":"https:\/\/www.litograficaargo.com.mx\/cms\/#\/schema\/logo\/image\/"}}]}},"_links":{"self":[{"href":"https:\/\/www.litograficaargo.com.mx\/cms\/wp-json\/wp\/v2\/pages\/18","targetHints":{"allow":["GET"]}}],"collection":[{"href":"https:\/\/www.litograficaargo.com.mx\/cms\/wp-json\/wp\/v2\/pages"}],"about":[{"href":"https:\/\/www.litograficaargo.com.mx\/cms\/wp-json\/wp\/v2\/types\/page"}],"author":[{"embeddable":true,"href":"https:\/\/www.litograficaargo.com.mx\/cms\/wp-json\/wp\/v2\/users\/1"}],"replies":[{"embeddable":true,"href":"https:\/\/www.litograficaargo.com.mx\/cms\/wp-json\/wp\/v2\/comments?post=18"}],"version-history":[{"count":52,"href":"https:\/\/www.litograficaargo.com.mx\/cms\/wp-json\/wp\/v2\/pages\/18\/revisions"}],"predecessor-version":[{"id":1183,"href":"https:\/\/www.litograficaargo.com.mx\/cms\/wp-json\/wp\/v2\/pages\/18\/revisions\/1183"}],"wp:attachment":[{"href":"https:\/\/www.litograficaargo.com.mx\/cms\/wp-json\/wp\/v2\/media?parent=18"}],"curies":[{"name":"wp","href":"https:\/\/api.w.org\/{rel}","templated":true}]}}